f 2983009.
1453, 2053
List the prime factors of 1111204.
2, 83, 3347
List the prime factors of 1617226.
2, 13, 62201
What are the prime factors of 3823328?
2, 163, 733
List the prime factors of 390884.
2, 13, 7517
What are the prime factors of 911656?
2, 113957
What are the prime factors of 15004844?
2, 47, 79813
List the prime factors of 335156.
2, 23, 3643
What are the prime factors of 2427537?
3, 7, 115597
What are the prime factors of 1543852?
2, 23, 97, 173
What are the prime factors of 5257032?
2, 3, 11, 19913
What are the prime factors of 11957199?
3, 41, 97213
What are the prime factors of 215114?
2, 59, 1823
What are the prime factors of 617046?
2, 3, 102841
List the prime factors of 109365.
3, 5, 23, 317
What are the prime factors of 2458314?
2, 3, 136573
List the prime factors of 349257.
3, 47, 2477
What are the prime factors of 73609?
73609
What are the prime factors of 127512?
2, 3, 7, 11, 23
What are the prime factors of 27446901?
3, 947, 9661
List the prime factors of 49615.
5, 9923
What are the prime factors of 734617?
13, 56509
What are the prime factors of 65204?
2, 16301
List the prime factors of 275139.
3, 19, 1609
What are the prime factors of 7520272?
2, 307, 1531
List the prime factors of 575724.
2, 3, 47977
What are the prime factors of 8946184?
2, 13, 509
List the prime factors of 595727.
11, 31, 1747
List the prime factors of 3132011.
557, 5623
List the prime factors of 6048102.
2, 3, 1008017
What are the prime factors of 1739585?
5, 139, 2503
What are the prime factors of 36531747?
3, 7, 579869
What are the prime factors of 16443642?
2, 3, 2740607
List the prime factors of 69853.
7, 17, 587
List the prime factors of 15628345.
5, 3125669
What are the prime factors of 270538?
2, 17, 73, 109
List the prime factors of 4754415.
3, 5, 316961
What are the prime factors of 212457?
3, 7, 67, 151
List the prime factors of 810964.
2, 7, 11, 2633
What are the prime factors of 6129496?
2, 766187
What are the prime factors of 4657056?
2, 3, 139, 349
What are the prime factors of 7736?
2, 967
List the prime factors of 266103.
3, 29567
List the prime factors of 47491.
47491
What are the prime factors of 2364?
2, 3, 197
What are the prime factors of 28941018?
2, 3, 79, 61057
List the prime factors of 303496.
2, 59, 643
List the prime factors of 259081.
509
List the prime factors of 5704658.
2, 41, 73, 953
List the prime factors of 4363514.
2, 23, 29, 3271
What are the prime factors of 4825290?
2, 3, 5, 41, 3923
List the prime factors of 185273.
11, 16843
What are the prime factors of 5890305?
3, 5, 67, 5861
List the prime factors of 5653991.
7, 541, 1493
What are the prime factors of 1737600?
2, 3, 5, 181
List the prime factors of 2210676.
2, 3, 13, 37, 383
List the prime factors of 320811.
3, 106937
What are the prime factors of 302389?
71, 4259
List the prime factors of 13018576.
2, 293, 2777
What are the prime factors of 187605?
3, 5, 11, 379
What are the prime factors of 105225?
3, 5, 23, 61
What are the prime factors of 166728?
2, 3, 6947
What are the prime factors of 271818?
2, 3, 15101
What are the prime factors of 262151?
262151
What are the prime factors of 1585252?
2, 23, 17231
What are the prime factors of 1242262?
2, 7, 89, 997
List the prime factors of 10722824.
2, 7, 43, 61, 73
What are the prime factors of 6231326?
2, 251, 12413
List the prime factors of 4159877.
83, 50119
List the prime factors of 1680033.
3, 103, 5437
List the prime factors of 1110559.
17, 65327
List the prime factors of 11004785.
5, 11, 200087
List the prime factors of 15511824.
2, 3, 11969
What are the prime factors of 845281?
383, 2207
List the prime factors of 149170.
2, 5, 7, 2131
List the prime factors of 7340179.
7, 11, 95327
List the prime factors of 4063887.
3, 43, 10501
What are the prime factors of 2187644?
2, 29, 18859
What are the prime factors of 13891694?
2, 1031, 6737
What are the prime factors of 1481310?
2, 3, 5, 109, 151
List the prime factors of 8347488.
2, 3, 89, 977
What are the prime factors of 18142?
2, 47, 193
What are the prime factors of 2362702?
2, 137, 8623
List the prime factors of 191076.
2, 3, 15923
List the prime factors of 6504174.
2, 3, 151, 2393
What are the prime factors of 251472?
2, 3, 13, 31
List the prime factors of 2762594.
2, 1381297
List the prime factors of 4068642.
2, 3, 29, 67, 349
List the prime factors of 9588028.
2, 2397007
List the prime factors of 586384.
2, 67, 547
What are the prime factors of 909422?
2, 454711
List the prime factors of 747151.
211, 3541
What are the prime factors of 897032?
2, 112129
What are the prime factors of 430379?
47, 9157
What are the prime factors of 80587?
13, 6199
List the prime factors of 20187.
3, 2243
List the prime factors of 1419431.
13, 37, 227
What are the prime factors of 167972?
2, 7, 857
List the prime factors of 179133.
3, 29, 71
What are the prime factors of 8956030?
2, 5, 19, 47137
What are the prime factors of 325142?
2, 17, 73, 131
List the prime factors of 4769531.
13, 181, 2027
What are the prime factors of 345089?
345089
What are the prime factors of 200711?
7, 53, 541
What are the prime factors of 14205587?
11, 761, 1697
What are the prime factors of 10821914?
2, 23, 31, 7589
What are the prime factors of 23184251?
149, 155599
What are the prime factors of 528554?
2, 13, 29, 701
What are the prime factors of 3832987?
127, 30181
List the prime factors of 413631.
3, 45959
What are the prime factors of 6803999?
389, 17491
What are the prime factors of 790151?
367, 2153
List the prime factors of 133885.
5, 26777
List the prime factors of 232896.
2, 3, 1213
What are the prime factors of 461591?
13, 35507
What are the prime factors of 4179516?
2, 3, 11, 31663
What are the prime factors of 15851945?
5, 23, 307, 449
What are the prime factors of 1144704?
2, 3, 11, 271
List the prime factors of 228607.
29, 7883
List the prime factors of 2627271.
3, 67, 4357
List the prime factors of 668845.
5, 133769
What are the prime factors of 1718669?
1718669
List the prime factors of 879359.
13, 17, 23, 173
What are the prime factors of 3909373?
13, 300721
What are the prime factors of 137119?
137119
What are the prime factors of 428947?
31, 101, 137
List the prime factors of 2096417.
71, 29527
What are the prime factors of 2609029?
2609029
List the prime factors of 575156.
2, 53, 2713
What are the prime factors of 606985?
5, 17, 37, 193
List the prime factors of 108299.
37, 2927
List the prime factors of 1864606.
2, 932303
List the prime factors of 21407203.
757, 28279
What are the prime factors of 107374?
2, 37, 1451
List the prime factors of 117167.
117167
What are the prime factors of 4638561?
3, 31, 49877
What are the prime factors of 78057?
3, 7, 59
What are the prime factors of 20838?
2, 3, 23, 151
What are the prime factors of 2927095?
5, 23, 25453
What are the prime factors of 97103?
97103
What are the prime factors of 17004078?
2, 3, 7, 13, 1483
List the prime factors of 4413301.
19, 109, 2131
List the prime factors of 5313053.
5313053
What are the prime factors of 174637?
174637
What are the prime factors of 3895479?
3, 7, 20611
List the prime factors of 105248.
2, 11, 13, 23
List the prime factors of 714519.
3, 13, 31, 197
List the prime factors of 172157.
172157
What are the prime factors of 405212?
2, 17, 59, 101
What are the prime factors of 188680?
2, 5, 53, 89
What are the prime factors of 1807983?
3, 19, 97, 109
What are the prime factors of 2738593?
11, 13, 1741
List the prime factors of 196178.
2, 47, 2087
List the prime factors of 204760.
2, 5, 5119
What are the prime factors of 36460?
2, 5, 1823
List the prime factors of 542511.
3, 71, 283
List the prime factors of 1927939.
13, 148303
What are the prime factors of 39327144?
2, 3, 73, 22447
What are the prime factors of 1283773?
19, 67567
What are the prime factors of 16335?
3, 5, 11
List the prime factors of 122824.
2, 13, 1181
What are the prime factors of 168944?
2, 10559
What are the prime factors of 560539?
7, 80077
List the prime factors of 38967919.
37, 83, 12689
List the prime factors of 3686924.
2, 283, 3257
What are the prime factors of 3396242?
2, 1698121
List the prime factors of 8553981.
3, 2851327
What are the prime factors of 327550?
2, 5, 6551
What are the prime factors of 207764